 be r(-1). Calculate the highest common factor of o and 17.
17
Let y be ((-8)/10)/((-1)/5). Let v = 5 - -1. Calculate the greatest common divisor of v and y.
2
Let d be 9/(-18) - 10/(-4). Calculate the highest common divisor of 26 and d.
2
Let x be (-51)/(-6) + 1/2. Let s = 6 - x. Let h be -120*(-1 + (-1)/s). What is the highest common factor of h and 10?
10
Let g = -19 + 26. What is the greatest common factor of g and 77?
7
Let j be (-2 - -9)/(13/26). Calculate the highest common divisor of j and 35.
7
Let s(d) = d**3 + 8*d**2 + 7*d. Let f be s(-5). What is the greatest common factor of 5 and f?
5
Let p be (-2720)/(-30) + (-1)/(-3) + -1. Calculate the greatest common divisor of p and 10.
10
Let l be 9/21 + 1 + 221/7. What is the greatest common factor of l and 44?
11
Suppose -h = m + 1, -7 = -m + 2*h + h. What is the highest common divisor of 3 and m?
1
Let s(a) = a - 11. Let c(p) = p + 1. Let l(d) = -4*c(d) - s(d). Let z be l(-5). What is the greatest common factor of z and 16?
16
Let i = 5 + 7. Let c = -3 + 9. What is the highest common factor of c and i?
6
Let p = 207 - 167. Suppose 0 = -2*a + 23 - 7. Calculate the highest common divisor of a and p.
8
Let i = 394 + -154. Suppose 0*l + i = 3*l. Calculate the greatest common factor of l and 10.
10
Suppose 5*l = 2*n + 141, -l - 51 = -3*l - n. What is the highest common factor of 45 and l?
9
Suppose 77 = 2*p + 15. Calculate the highest common factor of p and 155.
31
Let w = 4 + -3. Let d(g) = 2*g**3 + 2*g**2 - 2*g + 1. Let z be d(1). Suppose 0 = -z*u - u + 8. Calculate the highest common divisor of w and u.
1
Suppose 3*t - 117 = 114. Suppose 6*y = -4*y + 70. Calculate the greatest common divisor of t and y.
7
Let d = 26 + 30. Calculate the greatest common divisor of 4 and d.
4
Let i(o) = o**2 + 2*o - 3. Let v be i(-6). Suppose -2*h = h - v. What is the highest common factor of 14 and h?
7
Suppose 2*j = 3*j - 16. What is the greatest common factor of j and 2?
2
Let n = 59 + -42. Calculate the highest common divisor of 34 and n.
17
Let z(j) = -2*j**3 - j**2 - 3*j - 4. Let p be z(-2). What is the highest common factor of p and 7?
7
Let m be 40 - (-2 + 3) - (2 + 0). Calculate the highest common divisor of m and 185.
37
Let g(v) = v**3 - 9*v**2 - 9*v - 9. Let s be g(10). Suppose -13 = -5*m - 4*y, 2*m + 3*y - 9 = -m. What is the greatest common divisor of s and m?
1
Suppose -7*f + 135 = 9. Let o = f + 12. Calculate the highest common factor of o and 45.
15
Let a(h) be the third derivative of 0*h - h**2 + 4/3*h**3 - 1/60*h**5 - 3/4*h**4 + 0. Let t be a(-10). Calculate the highest common divisor of 8 and t.
8
Let h be (-4 + -2)/(-3) - 23. Let i = h + 37. What is the greatest common divisor of i and 40?
8
Let i = 7 + 4. Suppose -s = s - 254. Let h = s - 83. What is the highest common divisor of i and h?
11
Let b be (45/(-6))/5*-20. Calculate the greatest common factor of b and 75.
15
Let t be 0 - 4 - -2 - 4. Let h be (-174)/(-9) - t/9. What is the greatest common divisor of 20 and h?
20
Let v = -2 + 7. Let p(o) = o**2 - 3*o + 4. Let u be p(v). Calculate the greatest common factor of u and 126.
14
Suppose -4*f = -2*f - 48. What is the highest common factor of 12 and f?
12
Let m(k) = k**3 + 10*k**2 - 11*k + 4. Let c be m(-11). Suppose c*h - 69 = -5*g, -g - 24 = 2*h - 3*h. Calculate the highest common factor of h and 14.
7
Let t(d) be the first derivative of -2*d**2 - 9*d + 2. Let q be t(-6). Calculate the highest common divisor of 105 and q.
15
Let k be (-68)/(-8) - (-3)/2. Calculate the greatest common divisor of 50 and k.
10
Suppose 4*o = 3*i + 2*i + 627, -2*o - 5*i = -291. What is the greatest common factor of o and 17?
17
Let i = 40 - 35. What is the highest common factor of 2 and i?
1
Let j(l) = -l - 3. Let p(a) = -a - 4. Let m(d) = 3*j(d) - 2*p(d). Let v be m(-3). What is the greatest common divisor of v and 4?
2
Let z = 52 + -50. Let p = 32 + -22. What is the highest common factor of z and p?
2
Suppose -2*a = -16*a + 28. Calculate the greatest common factor of a and 22.
2
Suppose 3*c + 12 = 69. Calculate the greatest common divisor of c and 19.
19
Suppose -2*l + 0*l + i = -362, 561 = 3*l + 3*i. Suppose -l - 447 = -5*n. Calculate the greatest common factor of n and 14.
14
Let n = -4 - -9. Suppose -20 = -5*l + n. Calculate the greatest common factor of l and 35.
5
Let j = 42 + -69. Let n be (-1 - -1) + (0 - j). Calculate the highest common factor of n and 54.
27
Suppose 0 = g - 4*h + 7, -h = 5*g - 4*h - 33. What is the highest common factor of g and 9?
9
Suppose -4*v - 3*p + 86 = 0, 3*v + 0*p = -2*p + 64. What is the greatest common divisor of v and 4?
4
Let x(o) = 5*o**2 - 3*o + 2. Let d be x(-3). Suppose c = -c + d. Calculate the highest common factor of 14 and c.
14
Suppose 0 = 4*w - 2*t - 12, -20 = -3*w - 4*t. Let d = w + 2. Calculate the greatest common divisor of d and 15.
3
Let w be 40*(0 + (-2)/(-5)). Let s = -2 - -130. Calculate the highest common factor of w and s.
16
Suppose 0 = -q + 4*q - 2*d - 654, 4*d = 12. Calculate the greatest common factor of q and 88.
44
Suppose h + 3*f = 18, -7*h + 3*f + 54 = -2*h. Calculate the greatest common divisor of 8 and h.
4
Let d = -15 + 25. Calculate the greatest common divisor of d and 20.
10
Let z be (-4 + 3)*-2 + -6. Let n be (-867)/(-15) + z/(-20). Calculate the greatest common divisor of n and 29.
29
Suppose -47 = -5*k + 48. Calculate the highest common divisor of k and 19.
19
Suppose -3*h - h = -8. Suppose 50 = 3*g + h*g. What is the highest common divisor of 80 and g?
10
Suppose 2*p - 9 = 15. Let r = -259 - -355. What is the greatest common factor of p and r?
12
Let n be (-1)/4*-4 + 1. Suppose -z - 5 = 0, 4*o + 0*o = n*z + 58. Calculate the highest common divisor of 30 and o.
6
Suppose -t = -9 - 1. Suppose 20 + t = y. Calculate the highest common divisor of y and 10.
10
Suppose 4*p - 44 = -0*n + 5*n, 14 = 3*p + n. Suppose -7*u = -p*u - 11. Calculate the greatest common divisor of u and 77.
11
Suppose 2*g + 5*n = 20, -15 = 2*g - 7*g + 5*n. Let u be (g/4)/(5/260). Calculate the highest common factor of u and 13.
13
Suppose 26 = 2*a - 86. What is the greatest common factor of a and 7?
7
Suppose 56 = 9*j - 5*j. Calculate the highest common factor of 7 and j.
7
Suppose -3*h + 50 = z, 3*z = 4*h - h - 66. Let s(f) = f**2 - 7*f + 12. Let m be s(12). Calculate the highest common divisor of h and m.
18
Let k(s) = -s**2 + 4*s. Let a = 5 + -2. Let z be k(a). Let b = -2 + 29. What is the greatest common factor of b and z?
3
Let v = 479 - 335. What is the greatest common divisor of 16 and v?
16
Suppose 0 = -2*h + h + 13. Suppose 0 = -k + 16 + h. Calculate the greatest common divisor of 116 and k.
29
Suppose 2*b + 2*w - 74 = -b, 0 = -4*b - 4*w + 96. Let d = b - 18. What is the greatest common divisor of 2 and d?
2
Suppose 0*i = 3*i. Suppose -4*s = 2*o + 2, i*o - 5*o - 3*s = -9. Suppose o*b + 24 = 6*b. What is the greatest common divisor of b and 32?
8
Let v(f) = f**2 + f - 20. Let b be v(0). Let t be 86/10 + (-8)/b. What is the highest common factor of t and 9?
9
Let a = -4 + 14. Let n be ((-12)/(-2))/(4/a). Let y(l) = 21*l - 9. Let s be y(4). Calculate the greatest common factor of n and s.
15
Let q be (-1 - -2) + 1*-4. Let v be (-14)/q - (-1)/3. Let o be (8/(48/150))/1. Calculate the highest common factor of v and o.
5
Let l(h) = -h + 14. Let v be l(6). Let a = 12 - v. Suppose -2*n + 102 = 2*w, w - 2*n = -a + 70. Calculate the highest common divisor of 7 and w.
7
Let r be -1 - (-2 - 2/(-2)) - -10. What is the highest common divisor of r and 30?
10
Let r = -64 - -106. Suppose 0 = -4*s + s + r. Calculate the greatest common divisor of s and 56.
14
Let n be (-12)/(-8) + 3/6. Suppose -2*m + n + 0 = 0. What is the greatest common divisor of 9 and m?
1
Suppose 0 = 3*q + 4*m - 705, -3*q = -4*m - 722 + 41. Calculate the greatest common divisor of q and 21.
21
Let y be (-250)/(-9) - (-4)/18. Let r be 0/2 + y/2. Suppose 3*h - 588 = -3*h. Calculate the greatest common divisor of r and h.
14
Let v be 3/(-2 - (-17)/10). Let p be (-5)/v*16*2. Calculate the highest common factor of 2 and p.
2
Let h = -63 - -93. Calculate the highest common divisor of h and 10.
10
Let g = -140 - -150. What is the greatest common factor of 70 and g?
10
Let h = -1 + 1. Suppose h*m = m - 1